 w = 85 - 17. Let n = w - 27. Calculate the highest common factor of n and 369.
41
Let i = 4 + -2. Let m = -136 + 127. Let k = i - m. What is the highest common factor of k and 22?
11
Suppose -3*d + 0*d = -5*v + 3985, -5*d + 825 = v. What is the greatest common factor of v and 125?
25
Let i be (-4)/10 - 62/(-5). Suppose -13*r + 118 + 662 = 0. Calculate the greatest common factor of r and i.
12
Let i(m) = -4 - 3*m**2 + 3*m**2 - 6*m**2 + 3*m + 0*m**2 + m**3. Let x be i(6). Let q = -12 - -14. Calculate the highest common factor of q and x.
2
Let o be -3 + -1 + 2 - -7. Suppose -c - 3 = o. Let u be 2*30/c*-2. What is the greatest common divisor of u and 5?
5
Suppose -5*x = 2*n - 68, 0 = 4*x + 3*n + 4 - 64. Suppose -2*r - x = 2. Let c(g) = -4*g - 7. Let a be c(r). What is the greatest common factor of a and 14?
7
Let a = -41 + 32. Let z = 44 + a. Calculate the highest common divisor of z and 14.
7
Let w be 4*(-70)/(-4)*2. Suppose 3*v = 8*v - w. Suppose -4*m + 3*x = -16, 6 = 4*m - 5*x - 10. Calculate the greatest common factor of m and v.
4
Let y(w) = -w**3 + 11*w**2 - 11*w + 40. Suppose 9*b - 49 = 41. Let s be y(b). What is the highest common divisor of s and 12?
6
Let x(t) = 6*t**2 - 4*t + 3. Let y be x(3). Suppose -20*h + 840 = 8*h. What is the highest common factor of y and h?
15
Suppose 6*n = -4*p + 3*n + 31, -3*n = -4*p + 25. Suppose -9*g + 40 = -p*g. Calculate the highest common divisor of g and 20.
20
Let u = 293 - 171. Suppose -2*j + u = -4*o, -2*j - j + 205 = 5*o. Let p be j + (-3)/6*4. What is the highest common divisor of 7 and p?
7
Let k be (-5 + -9)*(-8)/14. Suppose -17*n = -16*n - k. Calculate the highest common divisor of n and 1.
1
Let i be 6/((-4 + (-322)/(-82))/(-2)). Calculate the highest common divisor of i and 287.
41
Suppose p - 49 = -3*m, -p = -6*p - 25. What is the highest common factor of m and 522?
18
Let s(f) = 9*f + 23. Let o be s(-8). Let x be -4*(-1)/4 - o. Calculate the greatest common divisor of x and 25.
25
Suppose 2*y + 121 = 517. Calculate the highest common factor of 22 and y.
22
Let h(d) = -d**3 + d**2 + 8*d + 13. Let j be h(-2). What is the greatest common divisor of j and 6?
3
Let f be 60 + 45/(-27)*-6. Calculate the greatest common factor of 50 and f.
10
Let d(t) = 5*t + 21. Let h be d(0). Calculate the highest common divisor of 336 and h.
21
Let r(s) = 2*s**2 - 4*s + 2. Let d be r(2). Let c = -1717 + 1718. Calculate the greatest common divisor of d and c.
1
Suppose -2*v + 10 = 4*s, -5*s - 4 = 6. Let r = v + 11. Calculate the highest common divisor of 60 and r.
20
Suppose 0 = -2*c - 2*y - 18, -4*y + y = -3*c - 9. Let m be 96/(-36) - (-2)/c. Let j be (-2)/m - 488/(-24). Calculate the highest common divisor of 14 and j.
7
Let m = -50 - -44. Let z be 19*(-4)/6*m. Calculate the highest common factor of z and 19.
19
Suppose 5*f - 2*l - 6 = 0, 6 = 4*f - 0*l - 2*l. Suppose f = -i - 3*i + 592. Let d be 1*i + -2 + -2. Calculate the highest common factor of 18 and d.
18
Let y(g) be the second derivative of -g**4/12 + 31*g**2/2 - 28*g. Let h be y(-5). What is the greatest common factor of h and 66?
6
Suppose -2*z = 20*z - 352. Suppose 4*i - 352 = 2*i. Calculate the greatest common divisor of i and z.
16
Suppose 0 = -2*f + 13*f - 616. Calculate the greatest common factor of f and 24.
8
Suppose 1010 = 3*k - 5*p, 2*k + p + 664 = 4*k. Suppose 1350 = 6*u + k. What is the highest common factor of u and 17?
17
Suppose 3*x + 27 = i, -8*x + 4*x - 96 = -3*i. Suppose 0 - 40 = -5*t - a, -10 = 2*a. Calculate the greatest common divisor of t and i.
9
Let c = 12 - 5. Suppose -9*h + 119 = 8*h. Calculate the highest common factor of c and h.
7
Let a = 1073 + -1038. Let l(i) = i**2 + 5. Let s be l(0). What is the highest common factor of s and a?
5
Let c be 41/4 - 1/4. Let u(d) = 137*d + 837. Let p be u(-6). Calculate the highest common factor of c and p.
5
Suppose -3*p - 3*v = -75, -p + 6 + 9 = -v. Let w be (-1 + (-1)/4)*(107 + -111). Calculate the highest common divisor of p and w.
5
Let r = -5 + 7. Let x be (-1)/r - (-254)/4. What is the highest common divisor of x and 7?
7
Suppose 0 = -6*b + 2772 + 738. What is the highest common factor of b and 3?
3
Suppose -20*d + 1 = 4*a - 15*d, -5*a = 4*d - 8. What is the highest common divisor of 188 and a?
4
Suppose -j + 2016 = 8*j. What is the highest common divisor of j and 84?
28
Let u = -238 + 261. Suppose p = 2*g - 0*g - 41, -5*p = -3*g + 170. Let c = p - -77. What is the greatest common divisor of u and c?
23
Suppose -612 = -8*v + 2*v. Let z = 0 - -6. What is the highest common divisor of v and z?
6
Let t = 432 + 48. Calculate the highest common factor of 40 and t.
40
Let q(r) = -2*r**3 - 81*r**2 - 127*r - 39. Let v be q(-39). What is the greatest common factor of 81 and v?
27
Let k(q) = 10*q + 503. Let t be k(-45). What is the highest common factor of 1325 and t?
53
Let x = 45 + 280. Calculate the highest common factor of 5 and x.
5
Let k(w) = -23*w**3 - 15*w - 14. Let q be k(-1). What is the highest common divisor of q and 112?
8
Let r be -5 - (-9 + (-3)/18*-6). Calculate the highest common divisor of 14 and r.
1
Let o be 9/(36/484) - 2*-2. What is the greatest common divisor of o and 25?
25
Suppose 129 = 5*t - 2*m, -t - 5*m + 29 = -7*m. What is the greatest common factor of t and 1475?
25
Let d be (1*-1)/(3/(-192)). Let s be (d/5)/(4/10). What is the highest common divisor of 4 and s?
4
Let i = -22 - -29. Let k = i + -4. What is the greatest common divisor of 24 and k?
3
Let f = 15 + -7. Suppose 3*i - f*i + 15 = 0. Suppose i*x = 13 - 1. What is the highest common factor of x and 44?
4
Let l be 0/(-6*6/12) + 17. Suppose 5*i - 68 = i. What is the greatest common divisor of l and i?
17
Let t be (-25)/(-30)*16 + (-3)/9. Calculate the greatest common factor of 52 and t.
13
Let z = -667 - -1012. What is the highest common divisor of 15 and z?
15
Suppose -6*y = 6*y - 8424. Suppose -3*j = -9*j + y. Let w = -13 - -26. Calculate the highest common divisor of w and j.
13
Suppose 0 = 7*r + 73 - 521. Suppose -2*k = u - r, -2*u + 2*k + 80 = -24. What is the highest common divisor of u and 28?
28
Suppose -5*a - 74 = i, 3*i = -2 + 5. Let s be 10/a*(-143 + -2 + 1). Calculate the greatest common factor of s and 6.
6
Suppose 4*d + 4*a = 43 + 33, -3*a = 2*d - 38. Let y(p) = p**3 - 2*p**2 + 4*p - 2. Let r be y(3). What is the greatest common divisor of r and d?
19
Let w = 17 - 5. Suppose -g = -5*g, 0 = -n - 4*g + 60. What is the greatest common divisor of n and w?
12
Let p(t) = 2*t**2 - 2*t - 7. Let g be p(3). Suppose 0 = -3*h + 3, 5*l - 73 = -h + 3*h. Calculate the greatest common divisor of g and l.
5
Let g = 13 + -9. Let c(o) = o**2 - 2*o - 5. Let b be c(g). Suppose b*h = 55 - 19. Calculate the highest common divisor of 18 and h.
6
Let h(c) = -8*c**2 + 138*c - 4. Let m be h(14). Calculate the greatest common divisor of 440 and m.
40
Suppose -23 = -2*q + 5*p, 2*q = -3*q + 2*p + 26. Suppose 0 = -2*r - 2*r + q*v + 400, 0 = 5*r + v - 500. Calculate the highest common divisor of 40 and r.
20
Suppose -3*f + 467 = 5*r - 6*r, 3*f + 2*r - 470 = 0. Let a be (-3)/(-15)*-3 - f/(-10). What is the greatest common divisor of a and 120?
15
Let r(p) = 3*p + 54. Let o be r(-14). Let g(c) = 12*c**3 + c**2 - 1. Let z = 2 - 1. Let m be g(z). What is the greatest common divisor of m and o?
12
Suppose -4*d - y + 2*y + 119 = 0, 4*y + 56 = 2*d. Calculate the greatest common divisor of d and 20.
10
Let g = 26 + -10. Let t = g + -10. Let y be 30/(-18)*t/(-5). What is the highest common factor of 2 and y?
2
Suppose 0 = -80*g + 74*g + 390. Calculate the highest common factor of g and 39.
13
Let n be ((-2)/6*26)/(1/(-12)). Let v(c) = -69*c - 1. Let t be v(-1). Let k = n - t. What is the highest common factor of k and 4?
4
Let j be -3 + -3 + 7 + 0 - -447. Calculate the greatest common factor of j and 14.
14
Let t = -29 - -18. Let i be t/(-33)*3*32. Calculate the highest common divisor of i and 80.
16
Let s be -18*3/((-9)/(-10)). Let d = -36 - s. Let h(u) = -2*u**3 - u**2 + 4. Let j be h(-2). What is the greatest common divisor of d and j?
8
Let h be 0 - (-93 - 2) - -5. What is the greatest common factor of 80 and h?
20
Let w = 105 + -105. Let y be (165/(2 + -7))/(w - 1). Suppose 5*q - 69 + 14 = 0. What is the highest common divis